ermine x(u).
3
Let l(t) = t**3 - 4*t**2 + 2*t. Let o(r) = 8*r - 22. Let x be o(3). Determine l(x).
-4
Let x = 13 - 7. Let n(k) = 8*k**2 + k + 10. Let u(p) = -3*p**2 - 3. Let y(g) = 4*n(g) + 11*u(g). Give y(x).
-5
Suppose -5 = 5*u - 50. Let s(z) = 4*z - u*z + 7*z. Calculate s(6).
12
Let j(q) = -2*q**2 - 13*q + 10. Let b(d) = d**2 + 12*d - 10. Let l(w) = -3*b(w) - 2*j(w). Determine l(8).
-6
Let n(q) be the third derivative of -q**4/24 - 4*q**3/3 - 9*q**2. Determine n(-7).
-1
Let w = -6 + 1. Let d(z) = z**2 + 3*z - 6. Give d(w).
4
Let l(s) = 1 + 2*s - 2 + 2 - s + s**2. Calculate l(-1).
1
Let b be (-56)/(-20) + 2/10. Suppose -b - 3 = -2*d. Let t(g) = g**2 - 5*g + 3. Give t(d).
-3
Let w(b) be the third derivative of b**4/24 + 7*b**2. Calculate w(1).
1
Let i(v) be the second derivative of -4*v**3/3 - v**2/2 - 3*v. Let a be 1/4 - 5/4. What is i(a)?
7
Let n be 0/1 - (1 - 2). Let m(x) = 1 - n + x + 5 - 2*x. What is m(4)?
1
Let b(x) be the first derivative of -5*x**4/24 - 3*x**2/2 + 3. Let w(i) be the second derivative of b(i). Determine w(1).
-5
Let g(h) = -4*h - h + 5*h + 3 - 3*h**2 - h**3. Let k be 1/((2/1)/6). Let c = 0 - k. Determine g(c).
3
Suppose 15 = o - 6*o. Let m(p) = -p**2 - p + 1. What is m(o)?
-5
Let o = -4 + 6. Let d(k) = -4*k - 4 + 2*k + 6*k. Let u(p) = 13*p - 12. Let r(w) = o*u(w) - 7*d(w). Determine r(5).
-6
Let z = 6 + -11. Let l be 17/(-3) - z/(-15). Let w be (20/l)/(4/(-6)). Let n(a) = a**3 - 4*a**2 - 5*a + 2. Calculate n(w).
2
Let w(s) = 3*s - 2. Let i(f) = f**2 - 5*f + 6. Let r be i(4). Suppose j - 2 = r*j. What is w(j)?
-8
Let j(d) = 0 + 5*d**2 - d - 6 + 6. What is j(-1)?
6
Suppose 0 = -4*k + l + 19, -3*k - 3*l = -8*l + 7. Let z(m) = 14*m**2 + 10 - k*m - 20*m**2 + 5*m**2. Give z(-8).
-6
Let y(i) be the first derivative of -i**4/4 - 5*i**3/3 - i**2 - 4*i + 28. Determine y(-4).
-12
Let y(u) = -3*u**2 - 4*u - 1. Suppose 3*h + 26 = -37. Let a be h/6 - 3/(-6). Give y(a).
-16
Let m(t) be the first derivative of -t**5/60 + t**4/8 + t**3/2 - 5*t**2/2 - 2. Let l(d) be the second derivative of m(d). Let n = -11 - -16. Calculate l(n).
-7
Let o(g) = -6*g - 2. Suppose 18*x + 20 = 22*x. Determine o(x).
-32
Let g = -5 - -8. Let q(z) = -4*z - 15. Let u(n) = 2*n - n + 6 - 4 + 3. Let l(r) = -2*q(r) - 7*u(r). Determine l(g).
-2
Let a(g) = g - 16. Let t(r) = -8. Let q(u) = -3*a(u) + 7*t(u). Suppose 3*k + 10 + 8 = 0. Give q(k).
10
Let x(y) = y. Let a be 2 + ((-2)/(-1) - 2). Suppose a*l - 2*i - 6 = 0, -6*l = -l + i + 15. What is x(l)?
-2
Let z(l) be the third derivative of l**6/120 + l**5/15 + 5*l**4/24 + l**3/3 - 6*l**2. Let p = -1 + -2. Let t be z(p). Let x(u) = -u + 1. Determine x(t).
5
Suppose 5 + 10 = 2*k - s, 0 = 2*k - 2*s - 16. Let g(x) = x**3 - 8*x**2 + 7*x + 5. Give g(k).
5
Let o be (-3 - 10) + 3 - -2. Let q(h) = -2*h - 10. What is q(o)?
6
Suppose -2*w - 12 = 2*k, 2*w + 27 = -5*k - 3. Let x = -9 - k. Let c(p) = 7*p + 2*p - 5*p + 137 - 136. Determine c(x).
-11
Let d(z) = 2*z + 6. Suppose 2*j - 1 = -3*f - 5, -2*f - 2*j = 0. What is d(f)?
-2
Let y(w) = w. Let i(t) = -t**3 + 2*t**2 - 2*t - 2. Let c be i(2). Give y(c).
-6
Let y(c) = c**2 + 9*c + 8. Let w = 21 - 28. Give y(w).
-6
Let u(d) = -2*d + 2. Let t be (6/(-5))/(5*(-4)/(-100)). Give u(t).
14
Let h(o) = 1. Let q(t) = -t - 4. Let j(x) = 2*h(x) + q(x). Suppose -5 = -5*v + 75. Let s = v - 11. Determine j(s).
-7
Let f = -1 + 3. Let x(j) = -6*j**3 - 25*j**2 + 30*j - 14. Let z(d) = d**3 + 5*d**2 - 6*d + 3. Let o(u) = f*x(u) + 11*z(u). Calculate o(4).
-3
Let r(a) be the second derivative of a**5/20 + a**4/4 + a**2 - 2*a. Let f be -5*5/(50/8). Determine r(f).
-14
Let x = -12 - -17. Let y(b) = 6*b**2 + b - 3. Let j(q) = 7*q**2 + 2*q - 4. Let l(r) = x*j(r) - 6*y(r). Calculate l(3).
1
Suppose -5*m + 15 = -3*k, k - 2*m + 6*m = 12. Let n(g) = -g**3 + g + 12. What is n(k)?
12
Suppose 10*o + 20 = -0*o. Let l(k) = 3*k + 2. Give l(o).
-4
Suppose 0*v = -3*v. Let w be v/(-2) - (0 + 2). Let t be (1 + 0)/((-1)/w). Let c(k) = -k**3 + 2*k**2 + 2*k. Determine c(t).
4
Let r be (-2 - 0)*(5 + -4). Let c(p) = p**3 + p**2 - 2. Calculate c(r).
-6
Let z(g) be the first derivative of -g**4/4 + 5*g**3/3 + g**2/2 - 3*g - 54. Let h be (-1*1 - 0) + 6. Determine z(h).
2
Let t(z) be the first derivative of z**5/30 - z**4/12 + z**3/6 - z**2 - 1. Let g(j) be the second derivative of t(j). Calculate g(2).
5
Let n(l) = -l**2 + l**3 - 2*l**2 + 3*l**2 - 3 - 2*l**2. Let y be n(3). Let r(x) = 3*x - 9. What is r(y)?
9
Suppose u + 6 = 2. Let c(k) = -2*k - 4. Calculate c(u).
4
Let t(v) be the second derivative of -v**4/12 - 13*v**3/6 - 9*v**2/2 - 25*v. Calculate t(-11).
13
Let i(q) = -1. Let t(h) = -9*h - 5. Let n(f) = 5*i(f) - t(f). What is n(-2)?
-18
Let n(b) = -9*b + 1. Let i(p) = 37*p - 5. Let f(h) = -2*i(h) - 9*n(h). Calculate f(1).
8
Let v = -119 - -108. Let t(n) = -n - 2. What is t(v)?
9
Let r be (-2)/6 - 6/(-18). Let i(f) = 5*f + 4. Let q(p) = 11*p + 8. Let v(l) = -13*i(l) + 6*q(l). Give v(r).
-4
Let c(g) = 10*g**2 + 0*g - 2*g**2 - 2*g**2 + 3 + g**3 - 2*g. What is c(-6)?
15
Let g(k) = k**2 + 1. Suppose 0*m = -m - 6. Let f be m*(-1)/(3 + 0). Let q be (1/f)/((-2)/8). Calculate g(q).
5
Let m(a) be the first derivative of -2*a**2 + 4*a + 1. Let b be (-3)/(-6) - 13/(-2). Let y = 11 - b. Give m(y).
-12
Let h(k) be the second derivative of -k**4/12 - 4*k**3/3 - 7*k**2/2 - 6*k. Give h(-7).
0
Let q(m) be the first derivative of -m**3/3 + 7*m**2/2 - 4*m - 1. Suppose 0*o - 2 = -o. Let t be ((-8)/12)/(o/(-15)). Give q(t).
6
Let h = -40 - -45. Let a(t) = -t**2 + 6*t - 5. Determine a(h).
0
Let b(r) be the first derivative of r**6/120 + r**5/15 - r**4/6 - r**3/2 - r**2/2 + 2. Let l(a) be the second derivative of b(a). Give l(-5).
-8
Let w = -1 + 4. Let j(r) = 4*r + 3 - 1 - 2*r**3 + r**w - 2*r + 3*r**2. What is j(4)?
-6
Let o(d) be the second derivative of -d**3/6 + 2*d**2 + 30*d. Calculate o(-7).
11
Let j(k) = k - 9. Let g be j(11). Let a(s) = 3*s**3 - 2*s**2 - s - 1. What is a(g)?
13
Let q(d) = 6*d + 1. Let u(t) = t**3 + 6*t**2 - 15*t + 6. Let m be u(-8). Give q(m).
-11
Let h(t) be the second derivative of 0*t**3 + 1/12*t**4 + 2*t**2 + 0 - t + 1/20*t**5. Give h(0).
4
Let p = 14 - 13. Let f(q) = -q**2 + 0 - p + 1 - 5*q. What is f(-6)?
-6
Let d(z) = 3*z + 4. Let n(j) = j. Let m(b) = -d(b) + 4*n(b). Calculate m(6).
2
Let p = -3 + 9. Suppose -p*k = -9*k. Suppose 5*v - 7 - 23 = k. Let t(u) = -u**3 + 5*u**2 + 7*u - 8. Calculate t(v).
-2
Let f(j) be the third derivative of j**5/60 - j**4/12 - 2*j**3/3 + 8*j**2. Determine f(3).
-1
Let d(l) = -l**2 - 4. Let w(q) = q**2 + 5. Let b(x) = -4*d(x) - 3*w(x). Give b(0).
1
Let o(q) = -q. Let d(w) = -w**2 + w - 4. Let v(b) = d(b) + 3*o(b). Let x = 0 - 3. Calculate v(x).
-7
Let p be (3 - 5 - -3)*2. Let v(n) = -4*n + 2. What is v(p)?
-6
Let b(f) = 4*f**3 - 3*f + 2. Let n(a) be the second derivative of -3*a**5/20 - a**4/12 + a**3/2 - a**2 - 2*a. Let d(h) = 4*b(h) + 5*n(h). Determine d(3).
-11
Let n(y) = y**3 + 3*y**2 - 2*y + 3. Let o be (-13 - -9)/(1/1). What is n(o)?
-5
Suppose 0 = 2*w + 3*f + 4, f + 4 = -0*w - 2*w. Let l(y) = -y**3 - 3*y**2 - 3*y - 1. Calculate l(w).
1
Let f(b) = -5*b**2 + b + 7. Let q(n) = -4*n**2 + n + 6. Let h = -11 - -18. Let o(y) = h*q(y) - 6*f(y). Let r be -1*(4 + 4 + -7). Give o(r).
1
Suppose 5*y = 2 + 8. Let c(s) = -3*s**2 + 4*s - 2. Calculate c(y).
-6
Let v(t) = t - 1. Suppose -26 = -3*d + y, 3*d + y - 31 = -3*y. Let q = d + -16. Calculate v(q).
-8
Let p be (-5)/(-10)*2*-1. Let a(n) = -n**2 - 2*n - 1. Let c be a(p). Let b(j) = j**2 + j - 5. Let i be b(c). Let f(o) = o**3 + 5*o**2 - 3*o - 7. Determine f(i).
8
Let o(j) be the first derivative of -j**4/4 - j**3/3 + j**2/2 + 2*j + 5. Let z(t) = t - 1. Let d be z(-3). Let c = -6 - d. Give o(c).
4
Let l(u) be the second derivative of -1/6*u**3 + u**2 + 0 + 1/12*u**4 + 1/20*u**5 - u. Suppose 2 = -v - i, 4*i = 3*v + i - 6. Give l(v).
2
Let n(q) = 2*q - 3. Let r be n(4). Suppose -r*b + 3*l = -4, -6*b = -2*b - 4*l. Let p(f) = -b + 1 + 5*f**3 + 2*f**2 - 2*f**2. Give p(1).
4
Let s be 10/(-4)*(-104)/65. Let v(f) = 2*f**2 - 6*f + 1. Determine v(s).
9
Let l be ((-2)/(-2))/(14/(-84)). Let v(y) = -y**2 - 7*y - 4. Determine v(l).
2
Let i(l) be the second derivative of -l**6/360 - l**4/6 - l**3/3 - 3*l. Let n(r) be the second derivative of i(r). Give n(